-931?
468
In base 15, what is 242 + -22eb?
-20a9
In base 2, what is 10011011 + 101101?
11001000
In base 4, what is -2030113033212 - 3?
-2030113033221
In base 7, what is -26 + -4635660?
-4636016
In base 9, what is -1712107 - -12?
-1712085
In base 2, what is 1010011000110100001 + 1010?
1010011000110101011
In base 7, what is 4 - 1334002551?
-1334002544
In base 2, what is -1001101100110111100 - 1101001?
-1001101101000100101
In base 9, what is 6 + -472616311?
-472616304
In base 8, what is 2302 - 212237?
-207735
In base 4, what is 31 + 23223130232?
23223130323
In base 5, what is 4034013 - 202?
4033311
In base 15, what is 1 + -24149e?
-24149d
In base 6, what is 14 - -24105353?
24105411
In base 6, what is 0 - 41030114?
-41030114
In base 13, what is 36 - 11a16c?
-11a136
In base 11, what is -267 + 790094?
78a928
In base 12, what is 4 + -197a89b?
-197a897
In base 7, what is -3400665166 - 3?
-3400665202
In base 16, what is 240aac8 - -1?
240aac9
In base 4, what is -20100 - 23203132?
-23223232
In base 5, what is 100143 - -312414?
413112
In base 6, what is -411400403 - 30?
-411400433
In base 4, what is 330202032 + 2202?
330210300
In base 15, what is 9849 - -28c?
9ad6
In base 10, what is 1803303 - -20?
1803323
In base 10, what is 3 + 36600644?
36600647
In base 9, what is -17 + 1326502?
1326474
In base 2, what is 1010100010111 + 1000010100010011?
1001101000101010
In base 10, what is -563 + 62351?
61788
In base 3, what is 1220202 + -111002121020?
-111000200111
In base 12, what is -16 - -55416a?
554154
In base 13, what is -c1c3 + b?
-c1b5
In base 15, what is -2 + -38d0c3?
-38d0c5
In base 14, what is -4 - 293643?
-293647
In base 12, what is -29b95 + -1131?
-2b106
In base 14, what is -84a - 2d94?
-3800
In base 9, what is 12 - 1742212?
-1742200
In base 10, what is 5 - 653728?
-653723
In base 13, what is -6 - -635811?
635808
In base 4, what is 2133231 - -1221?
2201112
In base 3, what is 1201220012 - 1201200?
1200011112
In base 4, what is 1230302202310 - 3?
1230302202301
In base 6, what is 350 - -5311313?
5312103
In base 3, what is -1010010 + 100001100210?
100000020200
In base 13, what is -10918 + -5984?
-1659c
In base 12, what is -66 + -21401?
-21467
In base 13, what is -3 - 1334a28a?
-1334a290
In base 8, what is -411017 - 2712?
-413731
In base 14, what is 5 + 60dc8?
60dcd
In base 6, what is 314020245 + 51?
314020340
In base 14, what is b + 8ba46?
8ba53
In base 4, what is 11 + -32221223023?
-32221223012
In base 13, what is -3 - 20576c3?
-20576c6
In base 10, what is 208762 + -1?
208761
In base 6, what is -3 + 5015510331?
5015510324
In base 2, what is 10 - 10010101101100100001110110101?
-10010101101100100001110110011
In base 6, what is -2025 + 3523555?
3521530
In base 13, what is 366 - 898c?
-8626
In base 5, what is 32 + 10014123241?
10014123323
In base 3, what is -110100122010012 + -10?
-110100122010022
In base 4, what is 12231022121113 - -2?
12231022121121
In base 16, what is -1684 + -1134?
-27b8
In base 10, what is 3525690 - -150?
3525840
In base 15, what is -1 + -75d2d5?
-75d2d6
In base 10, what is 209070452 + -5?
209070447
In base 13, what is 11 + 71cb17?
71cb28
In base 4, what is -33303002212 + -2?
-33303002220
In base 12, what is -5a1526 + 15b?
-5a1387
In base 9, what is 4 + 30246740?
30246744
In base 16, what is -91 - 16ad8?
-16b69
In base 15, what is -6cd - -1160?
982
In base 10, what is 65 + -44700?
-44635
In base 15, what is -1ca1c6 - -4b?
-1ca17a
In base 14, what is -96 + abd4?
ab3c
In base 14, what is 2 - 2354bd3?
-2354bd1
In base 5, what is 10 + -1232121121?
-1232121111
In base 2, what is 1000010010010100 + 100000000010101?
1100010010101001
In base 16, what is 2830 - -32df?
5b0f
In base 3, what is 202022222 - -112102101?
1021202100
In base 7, what is -34145565 - 0?
-34145565
In base 6, what is 23 - -145050201?
145050224
In base 5, what is -3102022114 + -21?
-3102022140
In base 2, what is -11011001 - 101000100100110011?
-101000101000001100
In base 7, what is 2 - 55341465?
-55341463
In base 6, what is 244 + -153325334?
-153325050
In base 15, what is -e5292 + -60?
-e5302
In base 9, what is 11471 - -2665?
14246
In base 13, what is ac12 - -3?
ac15
In base 10, what is 392 - 913466?
-913074
In base 16, what is -320 + 2556?
2236
In base 3, what is 112121102 + 101101110?
220222212
In base 7, what is 2 - -104614325?
104614330
In base 5, what is -4231004223 + -10?
-4231004233
In base 6, what is -10414424335 + 5?
-10414424330
In base 7, what is -121 + -25416?
-25540
In base 13, what is 333a - 574?
2a96
In base 7, what is 253110 + -3003?
250104
In base 11, what is -1a8a057 - 5?
-1a8a061
In base 10, what is -63 + -197977?
-198040
In base 2, what is -11100011 - -110010000000010?
110001100011111
In base 9, what is -13810 + -72151?
-86061
In base 5, what is 130244 - -2340221?
3021020
In base 6, what is -212 - -313333?
313121
In base 2, what is 1100011101101110010100 + 1101100?
1100011101110000000000
In base 13, what is -9011 - 1533?
-a544
In base 13, what is 1a28352a - -4?
1a283531
In base 9, what is 1 + -3708723?
-3708722
In base 2, what is -11110 - -11001011011?
11000111101
In base 16, what is -e3ea - -7078?
-7372
In base 14, what is 2c + -36b9?
-368b
In base 15, what is -447ba97 + -b?
-447baa3
In base 4, what is -21223333 + -2121?
-21232120
In base 2, what is 11001100011010111011110010 + 10?
11001100011010111011110100
In base 11, what is 25a83 - -232a?
28302
In base 11, what is -8644389 + -64?
-8644442
In base 9, what is 13434 - -3133?
16567
In base 14, what is -4 + 42a1ca3?
42a1c9d
In base 15, what is 15919930 - 5?
1591992a
In base 12, what is -3126aa3 + 5?
-3126a9a
In base 9, what is -4 - -44883873?
44883868
In base 7, what is 334325143 + 2?
334325145
In base 15, what is b8430 + -54?
b83cb
In base 4, what is -1033000 + -2003000?
-3102000
In base 9, what is -216265 + 1?
-216264
In base 5, what is -123142322 - -2?
-123142320
In base 16, what is 12130 + -2571?
fbbf
In base 12, what is -10 - -4a9b917?
4a9b907
In base 7, what is -10235 + 1524?
-5411
In base 4, what is -11213302232230 + -10?
-11213302232300
In base 11, what is -5a + -17824?
-17883
In base 2, what is 110100111000101 - -1111100?
110101001000001
In base 13, what is -306 - -aa2?
799
In base 9, what is 3077 + -11178?
-7101
In base 13, what is -12b - -520b4?
51c86
In base 7, what is 14100330 - 2?
14100325
In base 9, what is -1824067 + 205?
-1823762
In base 7, what is 30506032 - -33?
30506065
In base 6, what is -5410 - -110455?
101045
In base 11, what is 316075 + -3?
316072
In base 12, what is -65 - -1974?
190b
In base 12, what is -a452 + -b50?
-b3a2
In base 10, what is 633936864 + -3?
633936861
In base 6, what is -4443003 - 214?
-4443221
In base 6, what is 2 - -21453045015?
21453045021
In base 7, what is 3256 + 333515?
340104
In base 14, what is -8b3 + 6522?
5a4d
In base 11, what is -45010 - 3087?
-48097
In base 13, what is -4 + -c655b2a?
-c655b31
In base 12, what is -120 - 119474?
-119594
In base 12, what is -58759 + bb6?
-57763
In base 14, what is 26c - 397c?
-3710
In base 14, what is 24 + d4c155?
d4c179
In base 3, what is -11210000202020 - 1011?
-11210000210101
In base 16, what is -11f37f - 58?
-11f3d7
In base 2, what is 10001101101 - 100011001001000110?
-100010110111011001
In base 11, what is -11 + -35388319?
-3538832a
In base 12, what is -130b80 - 163?
-131123
In base 16, what is -8483 + -3a1?
-8824
In base 11, what is 310a950 - -110?
310aa60
In base 4, what is 1 - -1033232201221?
1033232201222
In base 11, what is 40 - -9366a7?
936737
In base 8, what is 131607 - -42114?
173723
In base 7, what is -354213 + 1012?
-353201
In base 15, what is c93500 - -5?
c93505
In base 13, what is -200790 + 128?
-200665
In base 16, what is 1 + 1663?
1664
In base 15, what is 4 - 11b3e93?
-11b3e8e
In base 3, what is -12122211000121010 + 0?
-12122211000121010
In base 6, what is 0 + -23001550114?
-23001550114
In base 5, what is 14202 + 1121142?
1140344
In base 8, what is 157 - 21032152?
-21031773
In base 3, what is -102 - -2022222101121?
2022222101012
In base 2, what is 11 - -11110010110001011100000?
11110010110001011100011
In base 2, what is -100011010011 + -100110111100010?
-101011010110101
In base 13, what is -105 + 2bb4?
2aac
In base 12, what is 2378 + -11564?
-b1a8
In base 16, what is 367c4 - -63?
36827
In base 4, what 